 s and c.
10
Suppose 2*r = 5*r - 57. Suppose -45*w = -42*w - 2*c - 452, 2*w - c = 302. Calculate the greatest common divisor of w and r.
19
Let i(z) = -72*z - 1127. Let k be i(-47). Calculate the greatest common factor of k and 61.
61
Suppose -11*o + 1642 + 3011 = 0. Calculate the highest common factor of 9 and o.
9
Suppose h - 10 + 32 = n, -3*n = 3*h - 54. What is the greatest common divisor of n and 60?
20
Let j = 15 + 18. Let c be j/2*(-84)/(-18). What is the greatest common divisor of 7 and c?
7
Let h be ((-2)/(-4))/(2/156). Suppose -12 = -d + n + 4*n, -4*n = 4*d. Let x be 1/d + (-803)/(-22) + 2. Calculate the highest common factor of x and h.
39
Let a(b) = -b**3 + 4 - b**3 - 3*b - 3*b**2 + 3*b**3. Let g be a(4). What is the greatest common factor of g and 2?
2
Suppose -a + 3 + 19 = 2*f, -49 = -5*f - a. Let z be 6/f + 33*6/27. Calculate the highest common divisor of 152 and z.
8
Let h(q) = q**3 - 8*q**2 - 12*q + 9. Let w be h(10). Suppose -5*a = 9 - w. What is the greatest common factor of a and 8?
8
Suppose 0*t + 4 = t. Let f be t/7 - (-178)/7. What is the highest common factor of 65 and f?
13
Suppose u - 115 = -3*u + 3*s, 3*u - 65 = -2*s. Suppose 0 = -166*b + 318*b + 152*b - 1520. Calculate the greatest common factor of u and b.
5
Let o = -60 - -82. Let f(q) = -24*q - 14. Let z be f(-7). Calculate the highest common divisor of z and o.
22
Let v(l) = -13*l + 13*l**2 + 0*l**2 + 6 - l**3 - 3*l**2. Let y be v(6). What is the greatest common divisor of 8 and y?
8
Suppose -21*j = -6638 + 2669. What is the highest common factor of 54 and j?
27
Let b be -84 - (2 + 12/(-4)). Let r = b + 218. Let v be 1/(-4) + r/60. Calculate the highest common factor of 16 and v.
2
Suppose -4*u + 637 = 3*j, 6*j - 3*u + 219 = 7*j. What is the highest common factor of j and 6?
3
Suppose 10*v - 592 = 4108. Calculate the greatest common divisor of v and 30.
10
Suppose 4*r - 42 = 6. Let d be -39*3/((-36)/136). Suppose 0 = 4*a + 2*z - d, -2*a = -a + z - 113. Calculate the highest common divisor of r and a.
12
Suppose 186 - 908 = -3*a + 4*q, 2*a - 2*q - 478 = 0. What is the highest common factor of 6 and a?
6
Let v(t) = -4*t**3 - t**2 + 1. Let u be v(-1). What is the greatest common divisor of u and 16?
4
Let w(f) = f**3 + 7*f**2 - 50*f - 148. Let v be w(-3). What is the highest common divisor of v and 2?
2
Let r(u) = u**3 + 2*u**2 + 4*u - 2. Let o be r(-2). Let t be o/4*(-112)/(-70). Let i be 32/3 + t/(-12). What is the greatest common divisor of 33 and i?
11
Let g(m) = m + 9. Let z be g(3). Calculate the greatest common factor of z and 4.
4
Suppose 0 = 4*x + 10 - 14. Let p = 11 - 4. What is the highest common divisor of x and p?
1
Let h(k) = k**2 + 4*k + 14. Let t be h(-6). Suppose 2*g + 10 - t = 0. Suppose 0 = -j + 18 + 22. Calculate the highest common factor of j and g.
8
Suppose -11*j + 970 = -526. What is the highest common factor of 8 and j?
8
Let k(i) = 3*i**3 - 2*i**2. Let m be k(2). Let g = 16 - m. Let d be 6/1 + (g - 4). What is the highest common factor of d and 16?
2
Suppose 0*o - 3*o + 72 = 4*a, 4*o + 4*a = 92. Suppose -45 = -3*u - 3*f, -5*u - 4*f - 60 = -7*u. What is the highest common factor of u and o?
20
Suppose -2*h + 52 = 2*w, 0*w + 3*h = w - 18. Let k be 334*2/w + (-9)/(-54). Calculate the highest common divisor of k and 84.
28
Suppose -5 = k - 17. Let b = 687 - 675. What is the highest common divisor of b and k?
12
Suppose 2*r - 5*k - 37 = -2*r, 0 = 5*r + 3*k. Calculate the greatest common divisor of r and 18.
3
Suppose 0*q - 5*q = -240. Suppose -2*h = -h - 10. Suppose -2 = -y + h. What is the highest common factor of y and q?
12
Let t be 0*(2 - 5)/(-3). Let o(h) = h**3 - h**2 + 44. Let v be o(t). Let f = v - 26. Calculate the greatest common factor of 90 and f.
18
Let m = 1940 + -763. Calculate the greatest common factor of m and 11.
11
Let g(f) = -2*f + 15. Let i be g(6). Suppose -35 = -4*h - i. Calculate the greatest common factor of 1 and h.
1
Suppose -w - 2*w + 294 = 0. Suppose 0 = -l + 3*s + 15, l + 107 = 6*l + s. Let b be 6/l - 480/(-35). Calculate the greatest common divisor of b and w.
14
Let z(c) = 6*c**3 + c - 1. Let p be z(1). Let w(d) = 5*d - 11. Let t be w(p). Let x = -14 + t. Calculate the highest common divisor of x and 10.
5
Let p be 14885/195 + -2 + 4/6. Calculate the highest common divisor of p and 30.
15
Let x be 18/12*(-36 + 0). Let l = 32 + x. Let n = 40 + l. What is the greatest common divisor of 198 and n?
18
Let g = -195 + 276. Suppose 4*s - 3 = g. Let d = -4 - -11. Calculate the highest common factor of d and s.
7
Let i be (8/6)/(1 + 30/(-36)). Let x be i - (-1)/(((-5)/(-2))/5). What is the greatest common divisor of 20 and x?
10
Let f be (-2)/(-10) - (-117)/15. Let x be 4/(f/(-6)) + 13. Calculate the greatest common divisor of 25 and x.
5
Suppose -q = -0*q. Let k be -10*(q - (-1 - -2)). Suppose m + 4*w - 182 + 144 = 0, 3*w + 144 = 5*m. What is the highest common factor of m and k?
10
Let i(n) = 2*n - 23. Let r be i(13). Suppose 2*x - 5*k + 7 = 0, 4*k = k - r. Let j be 14/((-3)/x*1). What is the greatest common divisor of j and 14?
14
Suppose 0 = -3*p + 4*c + 160, c + 40 = p + 3*c. What is the highest common divisor of 80 and p?
16
Let t be ((-351)/65)/((-2)/40). What is the greatest common factor of 270 and t?
54
Let y(m) = m**3 - 47*m**2 + 89*m + 64. Let u be y(45). Calculate the highest common divisor of u and 1083.
19
Let r(q) = 6*q + 72. Let i be r(23). Calculate the greatest common factor of 30 and i.
30
Let f be (-2)/(-15) - (-976)/(-120). Let c be f/(-12) - (-110)/6. What is the greatest common factor of 209 and c?
19
Let q = -72 + 74. Suppose -q*s = -w - 35, 3*s + 2*w = 52 - 17. Calculate the highest common divisor of 3 and s.
3
Suppose 24*m + 37 = 2*j + 25*m, -3*m - 17 = -2*j. Calculate the greatest common divisor of j and 124.
4
Let s(r) = 3*r**3 - 11*r**2 + 21*r + 5. Let v be s(5). Calculate the greatest common factor of 28 and v.
14
Let r = -244 + 394. Calculate the greatest common divisor of 10 and r.
10
Let y be 107 - (24 - (16 - 5)). What is the highest common factor of y and 2?
2
Suppose 2*l - 4*g - 44 = -0*g, -26 = -2*l - 2*g. Calculate the greatest common divisor of l and 80.
16
Let p be 2/(-5) + -37*(-12)/(-60)*-1. Suppose 6 = i + 2*g - 3, -2*i - 5*g + 22 = 0. Calculate the highest common divisor of i and p.
1
Suppose 4*m + 69 = 4*o + m, o = -5*m + 23. Suppose -101 + 29 = -18*a. Calculate the greatest common divisor of a and o.
2
Suppose -23*b + 27 = -20*b - 5*n, -5*n = b - 29. Calculate the greatest common factor of 2 and b.
2
Let o(p) = p**3 - 3*p**2 - 9*p - 3. Let q be o(5). Let d be 6792/42 + q/7. Calculate the greatest common divisor of 9 and d.
9
Let q be (-30)/105*7*-1. Suppose 0 = -l - l + 2*v + 100, 105 = q*l - 3*v. What is the greatest common divisor of l and 5?
5
Let t(v) = -9*v + 54. Let a be t(0). What is the highest common factor of a and 78?
6
Let i(d) = 6*d - 8. Let c(x) = 2*x**3 - 2*x**2 - 2*x + 2. Let z = 14 + -12. Let b be c(z). Let j be i(b). Calculate the highest common factor of j and 252.
28
Suppose 60 = -g + 66. Let a(u) = u**3 - u**2 - 3*u + 1. Let v be a(3). What is the greatest common factor of v and g?
2
Let w be (14 + -19)*(-4)/5. Calculate the highest common divisor of w and 66.
2
Let v(t) be the second derivative of -10*t + 0 - 13/6*t**3 + t**2. Let k be v(-6). What is the greatest common factor of 16 and k?
16
Let u(p) = 12*p**2 - 33*p - 92. Let l be u(-3). Calculate the highest common factor of l and 69.
23
Suppose -k + 0*k + 2317 = -3*q, -k - 5*q + 2325 = 0. What is the highest common divisor of 32 and k?
16
Let j = -6 + 11. Suppose -5*b - 30 = 3*r, 2*b - 2*r - j + 1 = 0. Let p = 6 - b. What is the highest common factor of p and 9?
9
Suppose 13*i - 6 = 10*i. Suppose -3*p - p + 112 = i*c, -2*p + 72 = -3*c. What is the greatest common factor of 330 and p?
30
Suppose 64 + 74 = 3*v - 4*t, 0 = 4*v - 3*t - 191. Let f be 181*(-4)/10 + 14/35. Let d be ((-5)/4)/(9/f). Calculate the highest common divisor of d and v.
10
Let d = 653 + -590. What is the greatest common factor of d and 42?
21
Let s be (-6)/(-4) - 28/(-8). Suppose 5*y - 3*i = i + 396, s = 5*i. Let q be (-2 - (-16)/3)*3. Calculate the highest common factor of y and q.
10
Suppose -n + 4*k + 109 = 0, 9*n - 11*n = k